 greatest common divisor of 26 and d?
13
Suppose 5*i - 18 + 2 = -4*w, 5*w + 2*i = 20. What is the greatest common divisor of 34 and w?
2
Let j = 2 - -1. Let k be j/(0 + 1) + 195. Calculate the greatest common factor of k and 18.
18
Let i be (-26)/(-4)*(6 + -2). Suppose 4*h + 68 = 224. What is the greatest common divisor of h and i?
13
Suppose -49 = -2*r + 31. Calculate the greatest common divisor of 100 and r.
20
Let w(c) = 12*c**2 - c. Let y be w(1). What is the highest common factor of y and 88?
11
Let t be 1/((-3)/(-9)) - 3. Suppose o - 2*o + 57 = t. Let y = -37 + o. Calculate the highest common divisor of y and 180.
20
Let a be 8/1 - (-7 - -5). Calculate the greatest common divisor of 2 and a.
2
Suppose -3*q + 0 = 2*i - 2, 0 = 4*i + 4*q - 8. Suppose -5*z + 28 = y, -y = y - i*z. Let v = 13 - y. What is the highest common factor of 5 and v?
5
Let u be 8*1*2/4. Suppose -60 = -0*z - u*z. What is the greatest common factor of 5 and z?
5
Let o(c) = -c**3 - 8*c**2 + 7*c + 9. Let l be o(-9). What is the greatest common divisor of 27 and l?
27
Let o be 5*(-2 - -2 - 9). Let x = -28 + -35. Let y = o - x. Calculate the greatest common factor of 6 and y.
6
Let u = -20 + 28. Let g(o) = o. Let m be g(4). Suppose b - 68 = -3*b + 3*c, m*b + c - 84 = 0. What is the greatest common divisor of u and b?
4
Suppose -33 = -2*j + 3*p, 0 = -j - 4*p - 5 - 6. What is the highest common divisor of j and 15?
3
Suppose 3*c - r = 123, -r = -c - 3*c + 163. What is the greatest common factor of c and 10?
10
Let o be 3*(1280/264 - 4/22). What is the highest common divisor of 28 and o?
14
Let r(d) = -2*d**2 - 28*d - 12. Let h be r(-13). What is the greatest common factor of 14 and h?
14
Suppose -2*a = -4*v + 3 - 141, -96 = 3*v + a. Let l = v + 69. Let r = l + -21. Calculate the greatest common factor of r and 5.
5
Let p(t) = -196*t**3 + t**2 + t + 1. Let s be p(-1). Suppose 4*q = 12, -4*g = -2*q - 3*q - 293. Let h = s - g. What is the greatest common divisor of h and 12?
12
Suppose 0 = h - 25 - 101. Let f(n) = 21*n**2 - n. Let i be f(1). Suppose -22 = -3*t + i. Calculate the highest common factor of h and t.
14
Suppose -107 = -2*a + 4*d + 5, -4*d - 160 = -3*a. Calculate the highest common divisor of 12 and a.
12
Let d be (1/(-2))/(12/(-240)). Let s be (-1 + 0 + -4)/(-1). What is the highest common divisor of s and d?
5
Let z be 4/(-6)*(-63)/6. Let t = z - 4. What is the highest common divisor of 9 and t?
3
Let s(l) = -l + 9. Let a be s(-4). What is the highest common factor of a and 117?
13
Let b(q) = q**3 - 13*q**2 + 2*q - 5. Let m be (-26)/(-2 - -2 - 2). Let r be b(m). What is the greatest common factor of 14 and r?
7
Let m(v) = 4*v - 4*v + 4*v - 3*v. Let p be m(3). Calculate the greatest common divisor of 33 and p.
3
Suppose 19 = d - 7. Suppose -4*l - 139 = -399. Calculate the highest common factor of l and d.
13
Let c be (8/(-6))/((-5)/(-15)). Let j be 25 - (-2 - 8/c). What is the highest common factor of j and 75?
25
Suppose v = -0*v + 6. Suppose -3*z + 26 = 2*i, 2*z + 73 = v*z - 5*i. What is the greatest common factor of z and 60?
12
Let y(u) = -4*u - 1. Let m(o) = 12*o + 3. Let f(n) = -4*m(n) - 11*y(n). Let a be f(-6). Calculate the greatest common factor of a and 207.
23
Let j = -38 + 59. Suppose -3*b = -3*u + 144, -3*u + j = 4*b - 144. Let d = -23 + u. Calculate the greatest common divisor of 14 and d.
14
Let d = 11 - 37. Let u = d - -36. Calculate the highest common factor of u and 10.
10
Suppose 108*n - 574 = 106*n. Calculate the greatest common divisor of n and 41.
41
Let w(r) = -21*r - 2. Let c be w(-2). Let u = 14 - 10. Suppose 2*s = u*s - 20. Calculate the greatest common divisor of s and c.
10
Let w be -1*(0 + 0) - -3. What is the greatest common factor of 12 and w?
3
Suppose -m + 4 = 0, -4*q - 3*m + 64 = -m. Let t be (-256)/(-18) - 2/9. What is the highest common factor of q and t?
14
Let h(u) = 30*u**2 - 2*u + 3. Let b be h(1). Calculate the highest common factor of b and 124.
31
Let t be ((-2)/5)/((-2)/20). Suppose -t*q = 16, -41 = -2*y - q + 241. Calculate the highest common factor of 13 and y.
13
Suppose 3 = -2*r + 5. Calculate the highest common factor of 8 and r.
1
Suppose j + 5*s = -1, 0 = -3*j - 0*j - 2*s - 29. Let w = j - -18. Let i = 4 + 3. What is the highest common factor of w and i?
7
Let s(n) = -n - 1. Let m be s(-4). Suppose r + 0*r = -m, 4*u + 72 = -4*r. Let x be (8/(-5))/(6/u). Calculate the highest common divisor of 1 and x.
1
Let r be (16/4*-2)/(4/(-70)). Suppose -3*z - 61 + 229 = 0. Calculate the highest common divisor of r and z.
28
Let c(q) = -129*q + 1. Let a be c(-1). Let d = -24 - -50. Calculate the highest common divisor of a and d.
26
Let m be -1 + 10/(4/2). Let h = m + -3. What is the highest common factor of h and 1?
1
Suppose -2*n + 3*s + 29 = -4, 0 = n + s - 24. Suppose 2*r = 93 - n. Calculate the greatest common divisor of r and 24.
12
Let g be 2 - (24/(-30))/(1/5). Let x be 2 - 2 - -1*4. Calculate the highest common factor of g and x.
2
Let o = -8 + 26. Calculate the highest common divisor of o and 6.
6
Let r(z) = -8*z + 1. Let i be r(2). Let f = i + 30. Suppose -4*a - 16 = -56. Calculate the highest common divisor of f and a.
5
Let g(u) = 59*u. Let a be g(1). Suppose c = -4*p + a, 2*c - 48 = -4*p + p. Let h be 60*(-3)/((-18)/p). Calculate the highest common factor of h and 28.
28
Let d be (-42)/2*(-10)/6. Suppose 0 = -3*g + 8*g + 15. Let t(i) = 2*i**2 + 5*i + 4. Let k be t(g). What is the greatest common factor of k and d?
7
Let a = 59 - 33. What is the greatest common factor of a and 234?
26
Let n be -1 + 10 + 1 + -4. Let f(a) = a**3 + 2. Let l be f(4). What is the greatest common divisor of l and n?
6
Let y(s) = s**3 - 7*s**2 + 10*s - 14. Let p be y(6). Calculate the greatest common divisor of 40 and p.
10
Let u be 18 + -1*(-12)/(-3). What is the greatest common divisor of u and 91?
7
Let m(v) = v**2 + 32. Let g be m(0). Let i be 1069/4 + 1/(-4). Let n = i - 187. Calculate the greatest common factor of n and g.
16
Let z = -25 + 54. What is the highest common divisor of 319 and z?
29
Suppose b - 2*b + 9 = 0. What is the highest common factor of b and 99?
9
Let b(j) = j**2 + 6*j - 2. Let u be b(-6). Let t be (-4328)/(-36) - u/(-9). What is the greatest common divisor of t and 48?
24
Let l = -183 + 76. Let x = 86 - l. Suppose 0 = -2*k + x + 93. What is the greatest common divisor of k and 13?
13
Suppose 0 = 3*u - 30 - 33. Calculate the greatest common divisor of 147 and u.
21
Suppose 0 = 5*y - 176 - 79. Let x = y + 4. Suppose 3*l = 5*l - 44. Calculate the highest common divisor of x and l.
11
Suppose -3*z - 4*o + 114 = -17, 2*z + 5*o - 85 = 0. Calculate the greatest common factor of z and 5.
5
Let x = 84 - 77. Calculate the highest common divisor of 3 and x.
1
Suppose 0*p + 41 = 2*p + q, q = -3. Suppose -3*y = 4*b - 21, -5*b = 3*y + y - 27. Let j be (y/(6/220))/2. What is the greatest common factor of p and j?
11
Suppose -4*s + 23 = -37. Suppose 0 = -2*n + r + 2*r, r - 4 = 0. Let y be (-2)/4 - (-63)/n. What is the greatest common divisor of s and y?
5
Suppose -2*j + 3*u - 87 + 335 = 0, 5*j - 4*u = 620. What is the greatest common divisor of 31 and j?
31
Let w(t) = 4*t - 14. Let h be w(5). Calculate the highest common factor of 4 and h.
2
Let w = -23 - -33. Let i(r) = r**3 - 2*r**2 - 3*r + 3. Let y be i(2). Let h = 8 + y. What is the highest common divisor of h and w?
5
Let f be (4 + -1)*(-4)/(-6). Let x be (4/10)/((-8)/(-320)). Calculate the greatest common factor of x and f.
2
Suppose 0 = -2*p + 4 - 12, 3*s = -5*p - 20. Suppose i - 3*i + 56 = s. Let o be (1*2)/(10/35). Calculate the greatest common factor of i and o.
7
Let w(i) = 9*i**2 + 7*i + 10. Let s be w(-2). Suppose 0*l + 18 = 3*l. Let g be ((-6)/4)/(l/(-320)). Calculate the greatest common divisor of g and s.
16
Let h(r) be the third derivative of r**4/8 - 2*r**3/3 + r**2. Let i be h(6). What is the greatest common factor of 154 and i?
14
Let c = 13 - 8. Suppose 0 = -2*l + 2 + 88. What is the greatest common divisor of c and l?
5
Let h be (-8)/(-1) + -2 + 0. Suppose -4*m + h*m + 300 = -4*j, 375 = -5*j + 5*m. Let s be j/(-20) - (-1)/4. What is the highest common divisor of s and 1?
1
Suppose 0 = -3*b - b + 40. Suppose 0 = 5*h - b. Suppose -l + h*g = g - 18, 2*l - 